In base 3, what is 11 - -121121210000202001?
121121210000202012
In base 5, what is -134022 + 204442?
20420
In base 10, what is 5069570 + -2?
5069568
In base 9, what is -2 + 22080065?
22080063
In base 2, what is -10111010101011011 + -1110001?
-10111010111001100
In base 8, what is -23 - -3054047?
3054024
In base 13, what is 2c4408 + -3?
2c4405
In base 13, what is 5b19 + -32bc?
282a
In base 12, what is 4 + 657a89?
657a91
In base 7, what is -20016261 + -14?
-20016305
In base 3, what is 21 + 2111011102200001?
2111011102200022
In base 3, what is -111102012 + 1122101?
-102202211
In base 8, what is 51772 - 1011?
50761
In base 7, what is -505463125 - 0?
-505463125
In base 13, what is -212 + 10a34?
10822
In base 11, what is 182 + 88650?
88822
In base 8, what is -12 - 122632005?
-122632017
In base 4, what is 1 + 110213013333?
110213020000
In base 6, what is 1433032 - 1442?
1431150
In base 11, what is -132 + -402589?
-402710
In base 11, what is 69633a77 + -3?
69633a74
In base 4, what is 11 + 313010033?
313010110
In base 3, what is 200022121101 - 122?
200022120202
In base 10, what is 4183900 - -5?
4183905
In base 15, what is 5945 + -147b?
44b9
In base 13, what is -274505 + -18?
-274520
In base 15, what is -31 - 5357d?
-535ae
In base 11, what is 10 + -1670518?
-1670508
In base 10, what is -51453 - 205?
-51658
In base 7, what is 5 - -151201406?
151201414
In base 8, what is 2634412 - -46?
2634460
In base 3, what is 12 - 110100201011202112?
-110100201011202100
In base 4, what is 32313 + 2022233?
2121212
In base 9, what is -44 + 3305736?
3305682
In base 11, what is -4 + 9872202?
98721a9
In base 9, what is -4 + -542226145?
-542226150
In base 14, what is a50d + -48?
a4a5
In base 5, what is 0 - -142413044122?
142413044122
In base 15, what is -14 + -3ee49?
-3ee5d
In base 16, what is -44d7a17 - 1?
-44d7a18
In base 7, what is -116366 - -414?
-115652
In base 4, what is 3013012 - 2203?
3010203
In base 15, what is -7 + -30412?
-30419
In base 14, what is -18 - 196bba6?
-196bbc0
In base 2, what is -100000110110111111010000010 + -101?
-100000110110111111010000111
In base 2, what is 1110000000101000 + -11101110?
1101111100111010
In base 4, what is 120213010011 + -1?
120213010010
In base 9, what is -118 - 23371?
-23500
In base 13, what is -74325 + -91?
-743b6
In base 12, what is -2499 + 147?
-2352
In base 5, what is -32324031 + 220?
-32323311
In base 12, what is 118 + -bb2320?
-bb2204
In base 12, what is 2a404 + 7690?
35a94
In base 16, what is -115 + a748?
a633
In base 12, what is -270 + -290974?
-291024
In base 7, what is -26253543 - -1?
-26253542
In base 7, what is -5333 - 13160?
-21523
In base 15, what is -2b2 - -270a0?
26cdd
In base 5, what is -200330 - 12441?
-213321
In base 5, what is 1033121 + -10010?
1023111
In base 11, what is 5037 - 60?
4a87
In base 4, what is -2201012003102 - 10?
-2201012003112
In base 3, what is 112121 - -12102211200?
12110101021
In base 6, what is -2004 - -45424?
43420
In base 2, what is 100110101000000110 + 10111?
100110101000011101
In base 4, what is -3 + -3032320033212?
-3032320033221
In base 14, what is -19 - -3867703?
38676c8
In base 9, what is -1 + 5063588?
5063587
In base 5, what is -1002 + -14301201?
-14302203
In base 13, what is 13 - 19a631?
-19a61b
In base 11, what is -246a03 + 98?
-246916
In base 16, what is 466e2c + 3?
466e2f
In base 16, what is -5 + -51f20f?
-51f214
In base 12, what is -519759 - -1a4?
-519575
In base 2, what is 0 + 111100110010001011011?
111100110010001011011
In base 14, what is -3 + -180a9c9?
-180a9cc
In base 11, what is 5608a + 17?
560a6
In base 13, what is -4 - -353b19?
353b15
In base 15, what is 5 - 3c7d992?
-3c7d98c
In base 12, what is -3 + -1538a087?
-1538a08a
In base 9, what is -30660256 + -3?
-30660260
In base 15, what is 184 + 4a?
1ce
In base 2, what is 11010111101 + -101011101000100?
-101000010000111
In base 9, what is -88315507 + 1?
-88315506
In base 6, what is 4315414154 - -4?
4315414202
In base 15, what is -1b18 - -16d?
-199a
In base 16, what is d8d - -a50d?
b29a
In base 11, what is -7225 - 1a075?
-2629a
In base 3, what is 1 + 221220111220?
221220111221
In base 8, what is -1672 + 36?
-1634
In base 4, what is 2310212103 + -1?
2310212102
In base 5, what is 14331211031 + 0?
14331211031
In base 15, what is -2c0937 - 1?
-2c0938
In base 8, what is 760 - -340457?
341437
In base 10, what is 9 + 797629?
797638
In base 14, what is b260 + -189?
b0b5
In base 2, what is 10010 + 1110001111101111010?
1110001111110001100
In base 11, what is -403a950 + -7?
-403a957
In base 11, what is -1 - 963213?
-963214
In base 7, what is -5040 - 1020334?
-1025404
In base 8, what is 45703473 + 2?
45703475
In base 6, what is -12013453 - -25?
-12013424
In base 15, what is -14 - 10c19c8?
-10c19dc
In base 3, what is -2 + 102100202020102?
102100202020100
In base 10, what is 21 - 430191?
-430170
In base 15, what is 5a63ae - -19?
5a63c8
In base 3, what is 1011010112 + 112112?
1011200001
In base 2, what is 10010 - -111000011101010110111?
111000011101011001001
In base 6, what is 355552344 - -21?
355552405
In base 12, what is 3 - 254a6b?
-254a68
In base 16, what is 6 - -673d3?
673d9
In base 5, what is 111 + 1031420403?
1031421014
In base 5, what is 11 + -10400124022?
-10400124011
In base 5, what is -123230331 - -1110?
-123224221
In base 4, what is -33 + -3000033020?
-3000033113
In base 15, what is -2 - -38d61eb?
38d61e9
In base 16, what is 1d7a - 2bbf?
-e45
In base 8, what is -74 + 77155?
77061
In base 13, what is -8 - 6ba715?
-6ba720
In base 2, what is 10011001001010001011 - 11100?
10011001001001101111
In base 12, what is -4029 + -9957?
-11984
In base 4, what is 1232 - 101032300311?
-101032233013
In base 15, what is -5 - -b0d6a4?
b0d69e
In base 3, what is 20212221100201 - 101?
20212221100100
In base 9, what is -320645037 + -1?
-320645038
In base 13, what is -30c3a + -234?
-31171
In base 5, what is 4 + -1333102434?
-1333102430
In base 4, what is 23330332111 + 1?
23330332112
In base 16, what is 5efed7 - -5?
5efedc
In base 16, what is -1c1aaa - -155?
-1c1955
In base 6, what is -551 - 1014404?
-1015355
In base 14, what is -278ba3 - -c?
-278b95
In base 13, what is 2 - -21553c?
215541
In base 3, what is -1101212202200012 + 0?
-1101212202200012
In base 15, what is 47e44a - 73?
47e3c7
In base 11, what is 0 - 39756a69?
-39756a69
In base 3, what is 221011100 + 1021211101?
2012222201
In base 8, what is -2576136070 - 2?
-2576136072
In base 12, what is -452079 + 19?
-452060
In base 10, what is 3198547 - -2?
3198549
In base 4, what is -3020311101 + 32032?
-3020213003
In base 10, what is 56 + -89057?
-89001
In base 4, what is 202 + 1012031032?
1012031300
In base 11, what is -1401 + 95?
-1317
In base 2, what is 100000111101100110001 + -1101?
100000111101100100100
In base 5, what is -424311331243 - 0?
-424311331243
In base 9, what is -1184 - -1465?
271
In base 14, what is -821 + 23821?
23000
In base 9, what is -2 + 25386081?
25386078
In base 2, what is -10000100100 + -10011101110111111000?
-10011110001000011100
In base 11, what is 495 + -7538?
-7053
In base 3, what is -11221112102021110 - 1?
-11221112102021111
In base 10, what is -1916 + -94255?
-96171
In base 4, what is 222022321013013 - -3?
222022321013022
In base 2, what is -1100101101001 + 101001011?
-1100000011110
In base 4, what is -22302333 + 11102?
-22231231
In base 4, what is -20 - -10110002102222?
10110002102202
In base 12, what is 2444074 - 2?
2444072
In base 8, what is -44767427 - -7?
-44767420
In base 6, what is -4321502431 - -12?
-4321502415
In base 16, what is -b3c3 - 1c0?
-b583
In base 7, what is 3 + -23322653?
-23322650
In base 5, what is -24 + 102433233?
102433204
In base 16, what is -10ec - 20?
-110c
In base 5, what is -140 + -3242133211?
-3242133401
In base 5, what is 411 - -44303?
100214
In base 2, what is -1110 - 10101000100111000101011?
-10101000100111000111001
In base 8, what is 4 + -57433076?
-57433072
In base 5, what is -102133212 - 3323?
-102142040
In base 5, what is -1142014 + -1401?
-1143420
In base 9, what is 463 - 21264?
-20701
In base 7, what is -2004452 + -61?
-2004543
In base 7, what is -65 + 22130106?
22130011
In base 15, what is 1ad95 - 16?
1ad7e
In base 9, what is -48030 + -70?
-48110
In base 14, what is 17 - -31c0c8d?
31c0ca6
In base 16, what is db - -14427?
14502
In 